In base 10, what is 143 - -8663?
8806
In base 3, what is 20 - 10102012110212?
-10102012110122
In base 12, what is -8 - -36bb2?
36ba6
In base 16, what is -7b39dd - 9?
-7b39e6
In base 4, what is -3 + 312003121201?
312003121132
In base 11, what is 319aa130 + -1?
319aa12a
In base 14, what is 23c1b + 147?
23d64
In base 15, what is 6 + 434da?
434e1
In base 12, what is -47a192 - -34b?
-479a43
In base 14, what is -2a03984 + 0?
-2a03984
In base 12, what is 268b50bb + 4?
268b5103
In base 14, what is 75cc4b4 - -4?
75cc4b8
In base 8, what is -451531 + -522?
-452253
In base 5, what is -11022211 - 143?
-11022404
In base 11, what is 2287 + 218?
24a4
In base 5, what is 0 - 10333303400?
-10333303400
In base 3, what is 1022001 - 10210022?
-2111021
In base 9, what is 48 - 44462247?
-44462188
In base 15, what is 12 - 83c298?
-83c286
In base 9, what is -103 - 5520681?
-5520784
In base 10, what is 29659 + -5505?
24154
In base 13, what is 1 - -562465?
562466
In base 3, what is 111110101201210222 - -10?
111110101201211002
In base 13, what is -1b - -c0b9b84?
c0b9b66
In base 10, what is 1136121 + -10?
1136111
In base 10, what is -1181817 + 0?
-1181817
In base 8, what is 1 + 235366030?
235366031
In base 14, what is 5bc + -c377?
-bb99
In base 4, what is -1232222013 - 1010?
-1232223023
In base 16, what is 113d + 144?
1281
In base 5, what is -2002413 + 124003?
-1323410
In base 16, what is -23f8 - cd0?
-30c8
In base 11, what is -12 + 1557274?
1557262
In base 13, what is 1c643b + 4?
1c6442
In base 16, what is 2c7fb1 - 8a?
2c7f27
In base 7, what is 3 + 5666605?
5666611
In base 3, what is -10 - 12201010000102?
-12201010000112
In base 12, what is b - -133284a?
1332859
In base 13, what is 687481 - -112?
687593
In base 14, what is 2063 - -b57?
2bba
In base 15, what is -1237 + -63?
-129a
In base 14, what is -3824c7 + -39?
-382522
In base 5, what is 121120133 - -12?
121120200
In base 11, what is -13320 - 46?
-13366
In base 16, what is -341 + 1b80?
183f
In base 10, what is 6896958 - 3?
6896955
In base 14, what is 2559418 + 5?
255941d
In base 8, what is -1175 - 13074?
-14271
In base 16, what is -c9c3d + 7?
-c9c36
In base 15, what is 3e591 - -bc?
3e65d
In base 5, what is -1031203202302 + -4?
-1031203202311
In base 10, what is 696 + -9302?
-8606
In base 13, what is 1494 - a6c?
725
In base 11, what is 900 - 34262a?
-34182a
In base 4, what is 3 - 2323122?
-2323113
In base 12, what is 33 + 399b2a?
399b61
In base 11, what is 229 + 1233a?
12568
In base 12, what is -962b559 - 1?
-962b55a
In base 7, what is 22 - -4654046?
4654101
In base 6, what is -50232203125 - -5?
-50232203120
In base 10, what is -2 + 2149226?
2149224
In base 13, what is 30a26 - 93?
30963
In base 5, what is -103444111 + -424?
-104000040
In base 2, what is -100110001100010011000101000 - 0?
-100110001100010011000101000
In base 4, what is 13 + -21001233010?
-21001232331
In base 15, what is -3 + -5bc683?
-5bc686
In base 16, what is 6f3 + -33cb?
-2cd8
In base 8, what is 17351017404 - 5?
17351017377
In base 10, what is 1420 - -9431?
10851
In base 7, what is 4355 - 22132?
-14444
In base 12, what is b - -a44131?
a44140
In base 6, what is -1013505 + 204?
-1013301
In base 7, what is 11535256 - -110?
11535366
In base 16, what is -2 + 1a0db30?
1a0db2e
In base 14, what is 101db79 - 19?
101db60
In base 9, what is -45144 - -4774?
-40260
In base 6, what is 13 + -122004012?
-122003555
In base 4, what is -3101333 + -330132?
-10032131
In base 9, what is -124105 + -1082?
-125187
In base 12, what is 0 - 4587248?
-4587248
In base 13, what is -10aac3 - 4a?
-10ab40
In base 2, what is -110011010010110100 + -10101110101?
-110011101000101001
In base 15, what is -4ae5 - -393?
-4752
In base 9, what is 28 - 2066656?
-2066627
In base 9, what is 43282 + -1601?
41581
In base 6, what is -30344 + 152020?
121232
In base 4, what is 230110 + -1023330?
-133220
In base 2, what is 11010011 + -1010100000100?
-1010000110001
In base 13, what is -b2cca + 34a?
-b2980
In base 7, what is -2 - -136044224?
136044222
In base 12, what is 5 + 75538b?
755394
In base 10, what is 61903648 - -1?
61903649
In base 5, what is -3212 - -100323300?
100320033
In base 3, what is -12 + -2101100221222102?
-2101100221222121
In base 14, what is 3 + -17a69a8?
-17a69a5
In base 13, what is -4488a0 + 34?
-448869
In base 11, what is -8 - 1aaa85?
-1aaa92
In base 8, what is 10107 - -473301?
503410
In base 6, what is 20251 + 31302?
51553
In base 8, what is 4 - -720031706?
720031712
In base 12, what is 156bb00 - -11?
156bb11
In base 8, what is 4 + -14706100?
-14706074
In base 5, what is -4404341 + 133224?
-4221112
In base 11, what is a63 - 143561?
-1425a9
In base 14, what is b027 + -340c?
7a19
In base 12, what is -89471731 - 1?
-89471732
In base 12, what is 5 - 5a7048?
-5a7043
In base 15, what is 5 + 1c3489?
1c348e
In base 13, what is -3b63 + b9b1?
7b4b
In base 15, what is -8 - -3894b9?
3894b1
In base 6, what is -503 - 132451112?
-132452015
In base 2, what is -100 - 1010110011111101100000?
-1010110011111101100100
In base 14, what is d4378cb - a?
d4378c1
In base 12, what is 23362774 - 5?
2336276b
In base 14, what is d3b8808 - 2?
d3b8806
In base 15, what is -3 + -2650245?
-2650248
In base 2, what is 111011100011111 - 1101000000?
111001111011111
In base 6, what is -3135333210 + -5?
-3135333215
In base 8, what is 2 - -11672767?
11672771
In base 14, what is 143db49 - -1?
143db4a
In base 14, what is -1771 - 43b04?
-45475
In base 14, what is 21d6b31 - 11?
21d6b20
In base 12, what is 675bb67 - -3?
675bb6a
In base 6, what is 12341512534 + -2?
12341512532
In base 3, what is 11 + 10121202100210?
10121202100221
In base 10, what is 44171546 - -2?
44171548
In base 14, what is -cb64 - c?
-cb72
In base 6, what is 1 - 402410343?
-402410342
In base 8, what is -7 + 76105647?
76105640
In base 3, what is -11101202112001001 + -12?
-11101202112001020
In base 2, what is -100 + 111101001111110?
111101001111010
In base 13, what is 493c86 + -5?
493c81
In base 12, what is 115280a + 12?
1152820
In base 12, what is 34 + -30b73?
-30b3b
In base 2, what is 100011011111110110101100000 + 110?
100011011111110110101100110
In base 16, what is 30c59a5 - 2?
30c59a3
In base 10, what is 5013 + -48814?
-43801
In base 14, what is -15 - b9b825?
-b9b83a
In base 5, what is 0 + 130042032141?
130042032141
In base 10, what is 2 - -2556519?
2556521
In base 3, what is -11000021102012101 - 110?
-11000021102012211
In base 10, what is 32056 - -6193?
38249
In base 5, what is 122100401431 + 11?
122100401442
In base 6, what is 11 + 41521410?
41521421
In base 3, what is 11 + -110020221200020?
-110020221200002
In base 13, what is -195 - 5566?
-572b
In base 9, what is -4716507 - 2?
-4716510
In base 14, what is 5d5136 + 2?
5d5138
In base 13, what is 1 + -18cb595?
-18cb594
In base 10, what is 1499 - 171173?
-169674
In base 6, what is 143203415414 - 4?
143203415410
In base 8, what is 10 - 10717047?
-10717037
In base 11, what is 40a58484 + -1?
40a58483
In base 2, what is -100 - 1000001110011011100?
-1000001110011100000
In base 16, what is -5 + -109441b?
-1094420
In base 4, what is -101011101330 + -3?
-101011101333
In base 4, what is 31222 - -1220122013?
1220213301
In base 7, what is -3241 - 1256?
-4530
In base 4, what is 11 + 110132313202?
110132313213
In base 7, what is 205251400 - -6?
205251406
In base 15, what is -567 + -115566?
-115acd
In base 9, what is 126482 + 8801?
136383
In base 16, what is 3a + -7a1a?
-79e0
In base 14, what is -8 + -38568?
-38572
In base 2, what is 1001001010000000100010010000 - 11?
1001001010000000100010001101
In base 15, what is -69a - 5e6a?
-6615
In base 12, what is -1867390 + 8?
-1867384
In base 11, what is -1948a3 + 601?
-1942a2
In base 15, what is 3cb6b6 + -ea?
3cb5bb
In base 3, what is 111102121 - -2011200?
120121021
In base 13, what is 118794c4 - -2?
118794c6
In base 6, what is -530354344 + -134?
-530354522
In base 13, what is 2ba4778 - -4?
2ba477c
In base 12, what is -10a14153 + -6?
-10a14159
In base 12, what is -595 + -7b88?
-8561
In base 8, what is -4 + -732256?
-732262
In base 16, what is -32 + 1011?
fdf
In base 9, what is 1726 + 1585?
3422
In base 7, what is 64 + -141516?
-141422
In base 7, what is 10345 + 233403?
244051
In base 10, what is -380 + 8584?
8204
In base 4, what is -11203300 + 10031?
-11133203
In base 3, wh